{"id":1477,"date":"2023-06-21T22:52:07","date_gmt":"2023-06-21T20:52:07","guid":{"rendered":"https:\/\/xn--vos-dw-7ya.de\/?page_id=1477"},"modified":"2023-06-23T16:49:15","modified_gmt":"2023-06-23T14:49:15","slug":"programm-und-positionen","status":"publish","type":"page","link":"https:\/\/vos-d\u00fcw.de\/home\/programm-und-positionen\/","title":{"rendered":"Programm und Positionen"},"content":{"rendered":"\t\t<div data-elementor-type=\"wp-page\" data-elementor-id=\"1477\" class=\"elementor elementor-1477\" data-elementor-post-type=\"page\">\n\t\t\t\t<div class=\"elementor-element elementor-element-5d102e4 e-flex e-con-boxed e-con e-parent\" data-id=\"5d102e4\" data-element_type=\"container\">\n\t\t\t\t\t<div class=\"e-con-inner\">\n\t\t\t\t<div class=\"elementor-element elementor-element-8cef681 elementor-widget elementor-widget-text-editor\" data-id=\"8cef681\" data-element_type=\"widget\" data-widget_type=\"text-editor.default\">\n\t\t\t\t<div class=\"elementor-widget-container\">\n\t\t\t\t\t\t\t\t\t<p>Unsere Sch\u00fcler*innen kommen bereits um 8:30 Uhr an die Schule. Offizieller Beginn ist 9:00 Uhr. Sie k\u00f6nnen jederzeit dazukommen, oder fr\u00fcher gehen, sollten sie morgens noch Termine haben. Bitte beachten Sie, dass f\u00fcr die Kinder der VOS Anwesenheitspflicht bis 13:30 Uhr besteht. Am sch\u00f6nsten f\u00fcr Ihre Kinder ist nat\u00fcrlich, wenn Sie sich hierf\u00fcr Zeit nehmen. Die Aufsicht von Seiten der Schule wird nicht Personengebunden stattfinden k\u00f6nnen, sondern offen sein, wie etwa in den Pausen. Ansprechpartner sind f\u00fcr alle Kinder jederzeit verf\u00fcgbar.<br \/>Unser Pr\u00e4sentationstag soll so frei wie m\u00f6glich gestaltet werden. So haben die Kinder die Gelegenheit sich alle Projekte in Ruhe mit ihren Eltern und Freunden anzuschauen und sich in der Bewegungslandschaft oder auf dem &#8222;Bolz&#8220; auszutoben. Die Projekte werden in den Klassens\u00e4\u00e4<span style=\"color: var( --e-global-color-text ); font-family: var( --e-global-typography-text-font-family ), Sans-serif; text-align: var(--text-align); background-color: var(--base-3);\">len durchgehend ausgestellt und k\u00f6nnen bis 13:30 besichtigt werden.<\/span><\/p><p><span style=\"color: var( --e-global-color-text ); font-family: var( --e-global-typography-text-font-family ), Sans-serif; text-align: var(--text-align); background-color: var(--base-3);\">Hierbei finden Sie folgende Themen, im Bezug zum BNE:<\/span><\/p><ul><li>Kompostieren<\/li><li>\u00c4gypten (Gesellschaft)<\/li><li>Upcycling (Insektenhotels)<\/li><li>H\u00fchnerstallneubau mit Einzug der H\u00fchner<ul><li>hier geht es zu ein paar Eindr\u00fccken<ul><li><a href=\"https:\/\/xn--vos-dw-7ya.de\/eindruecke-vom-bau-des-huehnerstalls\/\">H\u00fchnerstallprojekt<\/a><\/li><\/ul><\/li><\/ul><\/li><li>Projekt des Ganztags (Frau Kircali)<ul><li><a href=\"http:\/\/xn--vos-dw-7ya.de\/kleine-kunstwerke\/\">Kleine Kunstwerke<\/a><\/li><\/ul><\/li><li>Recycling<\/li><\/ul><div>Am Stand des F\u00f6rdervereins haben Sie die M\u00f6glichkeit f\u00fcr den Inhalt unseres neuen Aquariums zu spenden (Im wahrsten Sinne). Noch steht es leer im Eingangsbereich der Schule. Wir w\u00fcrden uns freuen dieses nach den Sommerferien mit Inhalt f\u00fcllen zu k\u00f6nnen. \u00dcber Funktion und Arbeit des F\u00f6rdervereins informieren Sie Herr Paul und Herr Petry gern.<\/div>\t\t\t\t\t\t\t\t<\/div>\n\t\t\t\t<\/div>\n\t\t\t\t\t<\/div>\n\t\t\t\t<\/div>\n\t\t<div class=\"elementor-element elementor-element-26f20bb e-flex e-con-boxed e-con e-parent\" data-id=\"26f20bb\" data-element_type=\"container\">\n\t\t\t\t\t<div class=\"e-con-inner\">\n\t\t\t\t<div class=\"elementor-element elementor-element-fbbb733 elementor-widget elementor-widget-heading\" data-id=\"fbbb733\" data-element_type=\"widget\" data-widget_type=\"heading.default\">\n\t\t\t\t<div class=\"elementor-widget-container\">\n\t\t\t\t\t<h2 class=\"elementor-heading-title elementor-size-default\">Feste Programmpunkte<\/h2>\t\t\t\t<\/div>\n\t\t\t\t<\/div>\n\t\t\t\t<div class=\"elementor-element elementor-element-f2dda01 elementor-widget elementor-widget-text-editor\" data-id=\"f2dda01\" data-element_type=\"widget\" data-widget_type=\"text-editor.default\">\n\t\t\t\t<div class=\"elementor-widget-container\">\n\t\t\t\t\t\t\t\t\t<ul>\n<li><strong>9:00 Uhr<\/strong>\n<ul>\n<li>Offizielle Er\u00f6ffnung und Tanz der Stufe 1<\/li>\n<\/ul>\n<\/li>\n<li><strong>10:00 Uhr und 11:00 Uhr<\/strong>\n<ul>\n<li>Vorf\u00fchrung der Stufe drei &nbsp;auf der B\u00fchne (Basketballplatz)<\/li><\/ul><\/li>\n<li><strong>13:30 Uhr<\/strong>\n<ul>\n<li>Ende des Pr\u00e4sentationstages (Die Kinder melden sich bitte bei ihrer Lehrerin ab)\n<ul>\n<li>F\u00fcr den Abbau brauchen wir noch Helfer. Es w\u00e4re sch\u00f6n, wenn Sie spontan dazukommen k\u00f6nnen.<\/li>\n<\/ul>\n<\/li>\n<\/ul>\n<\/li>\n<\/ul>\t\t\t\t\t\t\t\t<\/div>\n\t\t\t\t<\/div>\n\t\t\t\t\t<\/div>\n\t\t\t\t<\/div>\n\t\t<div class=\"elementor-element elementor-element-c83ff3a e-flex e-con-boxed e-con e-parent\" data-id=\"c83ff3a\" data-element_type=\"container\">\n\t\t\t\t\t<div class=\"e-con-inner\">\n\t\t\t\t<div class=\"elementor-element elementor-element-84f3eaa elementor-widget elementor-widget-heading\" data-id=\"84f3eaa\" data-element_type=\"widget\" data-widget_type=\"heading.default\">\n\t\t\t\t<div class=\"elementor-widget-container\">\n\t\t\t\t\t<h2 class=\"elementor-heading-title elementor-size-default\">Wo ist was?<\/h2>\t\t\t\t<\/div>\n\t\t\t\t<\/div>\n\t\t\t\t<div class=\"elementor-element elementor-element-e0cecd2 elementor-widget elementor-widget-image\" data-id=\"e0cecd2\" data-element_type=\"widget\" data-widget_type=\"image.default\">\n\t\t\t\t<div class=\"elementor-widget-container\">\n\t\t\t\t\t\t\t\t\t\t\t\t\t\t\t<img fetchpriority=\"high\" decoding=\"async\" width=\"845\" height=\"835\" src=\"https:\/\/xn--vos-dw-7ya.de\/wp-content\/uploads\/2023\/06\/Bild-21.06.23-um-22.34-1024x1012.jpeg\" class=\"attachment-large size-large wp-image-1479\" alt=\"\" srcset=\"https:\/\/xn--vos-dw-7ya.de\/wp-content\/uploads\/2023\/06\/Bild-21.06.23-um-22.34-1024x1012.jpeg 1024w, https:\/\/xn--vos-dw-7ya.de\/wp-content\/uploads\/2023\/06\/Bild-21.06.23-um-22.34-300x297.jpeg 300w, https:\/\/xn--vos-dw-7ya.de\/wp-content\/uploads\/2023\/06\/Bild-21.06.23-um-22.34-768x759.jpeg 768w, https:\/\/xn--vos-dw-7ya.de\/wp-content\/uploads\/2023\/06\/Bild-21.06.23-um-22.34.jpeg 1390w\" sizes=\"(max-width: 845px) 100vw, 845px\" \/>\t\t\t\t\t\t\t\t\t\t\t\t\t\t\t<\/div>\n\t\t\t\t<\/div>\n\t\t\t\t<div class=\"elementor-element elementor-element-3b7cec7 elementor-align-center elementor-widget elementor-widget-button\" data-id=\"3b7cec7\" data-element_type=\"widget\" data-widget_type=\"button.default\">\n\t\t\t\t<div class=\"elementor-widget-container\">\n\t\t\t\t\t\t\t\t\t<div class=\"elementor-button-wrapper\">\n\t\t\t\t\t<a class=\"elementor-button elementor-button-link elementor-size-sm\" href=\"http:\/\/xn--vos-dw-7ya.de\/informationen-zum-praesentationstag\/\">\n\t\t\t\t\t\t<span class=\"elementor-button-content-wrapper\">\n\t\t\t\t\t\t\t\t\t<span class=\"elementor-button-text\">Zur\u00fcck<\/span>\n\t\t\t\t\t<\/span>\n\t\t\t\t\t<\/a>\n\t\t\t\t<\/div>\n\t\t\t\t\t\t\t\t<\/div>\n\t\t\t\t<\/div>\n\t\t\t\t\t<\/div>\n\t\t\t\t<\/div>\n\t\t\t\t<\/div>\n\t\t","protected":false},"excerpt":{"rendered":"<p>Unsere Sch\u00fcler*innen kommen bereits um 8:30 Uhr an die Schule. Offizieller Beginn ist 9:00 Uhr. Sie k\u00f6nnen jederzeit dazukommen, oder fr\u00fcher gehen, sollten sie morgens noch Termine haben. Bitte beachten &#8230; <a title=\"Programm und Positionen\" class=\"read-more\" href=\"https:\/\/vos-d\u00fcw.de\/home\/programm-und-positionen\/\" aria-label=\"Mehr dazu unter Programm und Positionen\">Weiterlesen<\/a><\/p>\n","protected":false},"author":1,"featured_media":0,"parent":0,"menu_order":0,"comment_status":"closed","ping_status":"closed","template":"","meta":{"footnotes":""},"class_list":["post-1477","page","type-page","status-publish"],"_links":{"self":[{"href":"https:\/\/vos-d\u00fcw.de\/home\/wp-json\/wp\/v2\/pages\/1477","targetHints":{"allow":["GET"]}}],"collection":[{"href":"https:\/\/vos-d\u00fcw.de\/home\/wp-json\/wp\/v2\/pages"}],"about":[{"href":"https:\/\/vos-d\u00fcw.de\/home\/wp-json\/wp\/v2\/types\/page"}],"author":[{"embeddable":true,"href":"https:\/\/vos-d\u00fcw.de\/home\/wp-json\/wp\/v2\/users\/1"}],"replies":[{"embeddable":true,"href":"https:\/\/vos-d\u00fcw.de\/home\/wp-json\/wp\/v2\/comments?post=1477"}],"version-history":[{"count":25,"href":"https:\/\/vos-d\u00fcw.de\/home\/wp-json\/wp\/v2\/pages\/1477\/revisions"}],"predecessor-version":[{"id":1595,"href":"https:\/\/vos-d\u00fcw.de\/home\/wp-json\/wp\/v2\/pages\/1477\/revisions\/1595"}],"wp:attachment":[{"href":"https:\/\/vos-d\u00fcw.de\/home\/wp-json\/wp\/v2\/media?parent=1477"}],"curies":[{"name":"wp","href":"https:\/\/api.w.org\/{rel}","templated":true}]}}